he tens digit of 21262576?
7
What is the hundred thousands digit of 5614221626?
2
What is the hundred millions digit of 2804150370?
8
What is the tens digit of 1170340687?
8
What is the ten millions digit of 238861457?
3
What is the hundred thousands digit of 73827172?
8
What is the millions digit of 3178772175?
8
What is the hundreds digit of 3759178369?
3
What is the billions digit of 2539085537?
2
What is the tens digit of 3576949050?
5
What is the hundreds digit of 886269676?
6
What is the hundred millions digit of 313351721?
3
What is the hundreds digit of 1712124345?
3
What is the hundred millions digit of 3089238348?
0
What is the millions digit of 36846154?
6
What is the hundred thousands digit of 2677078230?
0
What is the hundred thousands digit of 183484609?
4
What is the thousands digit of 1362312373?
2
What is the millions digit of 721730081?
1
What is the hundred thousands digit of 6737487?
7
What is the millions digit of 611875027?
1
What is the thousands digit of 1550820520?
0
What is the millions digit of 706773728?
6
What is the tens digit of 3661341775?
7
What is the ten thousands digit of 1262396993?
9
What is the hundred thousands digit of 1721078732?
0
What is the ten thousands digit of 515721815?
2
What is the tens digit of 49618001?
0
What is the ten millions digit of 1091449360?
9
What is the units digit of 68952490?
0
What is the hundred thousands digit of 24796676?
7
What is the hundred thousands digit of 171306796?
3
What is the hundred millions digit of 2964590184?
9
What is the hundred millions digit of 498513925?
4
What is the ten millions digit of 555239385?
5
What is the hundred millions digit of 972730458?
9
What is the ten millions digit of 48936274?
4
What is the hundred millions digit of 1552974734?
5
What is the hundred thousands digit of 98905517?
9
What is the millions digit of 1006004996?
6
What is the hundred thousands digit of 8175666385?
6
What is the millions digit of 643428211?
3
What is the thousands digit of 6056285073?
5
What is the millions digit of 1153848777?
3
What is the hundreds digit of 9148843?
8
What is the thousands digit of 5038863557?
3
What is the thousands digit of 2454117354?
7
What is the hundreds digit of 118591791?
7
What is the thousands digit of 183764039?
4
What is the thousands digit of 23816332?
6
What is the units digit of 2291838965?
5
What is the thousands digit of 951321579?
1
What is the hundred thousands digit of 160963248?
9
What is the ten millions digit of 768078783?
6
What is the hundreds digit of 3785274321?
3
What is the ten millions digit of 198273249?
9
What is the hundred thousands digit of 449297338?
2
What is the millions digit of 430368021?
0
What is the units digit of 30418760?
0
What is the ten millions digit of 112967918?
1
What is the units digit of 149315885?
5
What is the tens digit of 926151354?
5
What is the tens digit of 416996275?
7
What is the millions digit of 49002796?
9
What is the hundred millions digit of 6098798518?
0
What is the thousands digit of 2701893501?
3
What is the units digit of 357338692?
2
What is the hundreds digit of 9185179?
1
What is the hundred thousands digit of 147887?
1
What is the hundred millions digit of 1047824844?
0
What is the hundreds digit of 34951165?
1
What is the thousands digit of 69389871?
9
What is the ten millions digit of 951892941?
5
What is the units digit of 15671298?
8
What is the millions digit of 13482044?
3
What is the hundreds digit of 1298532190?
1
What is the hundreds digit of 343184239?
2
What is the units digit of 22805617?
7
What is the ten millions digit of 164640159?
6
What is the units digit of 6843257?
7
What is the hundreds digit of 627548480?
4
What is the ten millions digit of 3129976739?
2
What is the ten millions digit of 934578944?
3
What is the ten thousands digit of 15381762?
8
What is the hundred millions digit of 275861318?
2
What is the millions digit of 205979991?
5
What is the hundred millions digit of 1740871644?
7
What is the hundred thousands digit of 49178346?
1
What is the tens digit of 63118801?
0
What is the ten thousands digit of 133285244?
8
What is the hundreds digit of 48024121?
1
What is the tens digit of 1075218809?
0
What is the tens digit of 77426314?
1
What is the thousands digit of 1021309206?
9
What is the hundred thousands digit of 3306063589?
0
What is the ten thousands digit of 34148943?
4
What is the hundred millions digit of 3652245696?
6
What is the units digit of 63049859?
9
What is the units digit of 166731031?
1
What is the ten thousands digit of 1296036406?
3
What is the ten thousands digit of 11553886?
5
What is the hundreds digit of 1247247418?
4
What is the ten thousands digit of 238533467?
3
What is the units digit of 126443393?
3
What is the units digit of 58900912?
2
What is the thousands digit of 130550873?
0
What is the millions digit of 156735398?
6
What is the hundreds digit of 37539228?
2
What is the units digit of 7382669171?
1
What is the billions digit of 2834548334?
2
What is the ten thousands digit of 1756569274?
6
What is the ten millions digit of 3728614183?
2
What is the thousands digit of 70700292?
0
What is the thousands digit of 1301688630?
8
What is the tens digit of 967211586?
8
What is the millions digit of 243064687?
3
What is the ten thousands digit of 189790597?
9
What is the tens digit of 281719447?
4
What is the units digit of 16405853?
3
What is the ten millions digit of 46062257?
4
What is the millions digit of 58357574?
8
What is the millions digit of 1068696320?
8
What is the hundred millions digit of 396518159?
3
What is the millions digit of 1003899713?
3
What is the hundred millions digit of 2277982022?
2
What is the tens digit of 59066839?
3
What is the ten millions digit of 450040934?
5
What is the hundred thousands digit of 838768049?
7
What is the ten thousands digit of 331585194?
8
What is the units digit of 244597651?
1
What is the hundred millions digit of 149033588?
1
What is the hundred thousands digit of 209991138?
9
What is the ten millions digit of 1393607483?
9
What is the tens digit of 1679956851?
5
What is the tens digit of 980624156?
5
What is the ten millions digit of 1102683323?
0
What is the hundred thousands digit of 139790675?
7
What is the ten thousands digit of 842464067?
6
What is the ten thousands digit of 11786432?
8
What is the ten millions digit of 61339623?
6
What is the hundred millions digit of 4501036045?
5
What is the millions digit of 600981331?
0
What is the tens digit of 46627468?
6
What is the hundreds digit of 241374689?
6
What is the millions digit of 2255182782?
5
What is the millions digit of 343038254?
3
What is the thousands digit of 94270307?
0
What is the hundreds digit of 147128591?
5
What is the ten millions digit of 147353839?
4
What is the ten thousands digit of 145270670?
7
What is the thousands digit of 19816845?
6
What is the ten thousands digit of 30551655?
5
What is the hundred thousands digit of 35518179?
5
What is the billions digit of 1264069569?
1
What is the thousands digit of 4433032236?
2
What is the tens digit of 182359133?
3
What is the millions digit of 198368193?
8
What is the millions digit of 2311419?
2
What is the tens digit of 85550396?
9
What is the millions digit of 35835316?
5
What is the hundreds digit of 565871645?
6
What is the thousands digit of 77390153?
0
What is the tens digit of 53820775?
7
What is the hundred thousands digit of 34550580?
5
What is the tens digit of 988334930?
3
What is the units digit of 42971254?
4
What is the thousands digit of 19951584?
1
What is the hundreds digit of 541851?
8
What is the ten millions digit of 19668727?
1
What is the hundreds digit of 8079585?
5
What is the ten millions digit of 11150055?
1
What is the ten millions digit of 565780119?
6
What is the hundred thousands digit of 416271811?
2
What is the hundreds digit of 57049525?
5
What is the hundred thousands digit of 3964193255?
1
What is the ten millions digit of 7178628480?
7
What is the tens digit of 1036149758?
5
What is the billions digit of 1345914035?
1
What is the ten millions digit of 1077944120?
7
What is the billions digit of 1627256565?
1
What is the hundreds digit of 406240105?
1
What is the units digit of 610204467?
7
What is